 c(l) = l**2 - 6*l - 5. Let o(g) = 2*g**3 + 196*g**2 + 196*g + 201. What is the remainder when c(11) is divided by o(-97)?
1
Let f(x) = -143*x - 2697. Calculate the remainder when 1415 is divided by f(-19).
15
Let q = 107 - 104. Calculate the remainder when (-2)/q*(-2 + -28) is divided by 20.
0
Let g(w) = w**2 - 65*w + 1159. Calculate the remainder when 613 is divided by g(40).
136
Let f(w) = -2*w**3 - 4*w**2 - w - 1. Let p be (0 - (-24)/5)*585/78. Suppose -p*q + 1494 = -378. Calculate the remainder when q is divided by f(-3).
12
Suppose 1341 = 2*m - f, -3*m + 787 = 5*f - 1257. What is the remainder when m is divided by 83?
9
Let g = -32 + 40. Suppose -l + 1731 - 1552 = 0. What is the remainder when l is divided by g?
3
Let a = 98 + -193. Calculate the remainder when (-3 + 0 + a)/((-9)/18) is divided by 11.
9
Suppose -2*t - 6 = -28. Suppose 0 = -7*x + 78 + 195. Calculate the remainder when x is divided by t.
6
Let d(p) = -p**3 - 23*p**2 - p - 11. Suppose 0 = -2*r + 3 - 1, -5*r = -w - 28. Suppose -5*s + 35 = -4*s. What is the remainder when s is divided by d(w)?
11
Suppose -4*p = 3*c + 15, -2*c + 5*p + 8 + 5 = 0. What is the remainder when (-2 + c)/(-7 - 4832/(-692)) is divided by 8?
5
Let z(j) = j**2 - 6*j - 28. Let n be z(-11). Suppose -13*a - n = -679. What is the remainder when 118 is divided by a?
38
Suppose -g - 3*v + 7 = 0, 2*g + 0*v + 2*v - 34 = 0. Let h(k) = -k**2 - 101*k + 212. What is the remainder when g is divided by h(2)?
4
Let v be 2/(-2)*(-12)/4. Suppose 2*b - 350 = -v*b. Let m(w) = -w**2 - 19*w - 69. Calculate the remainder when b is divided by m(-13).
7
Let t be (-12)/20*-5 - 6. Let i(u) = 8*u**2 + 9*u + 30. What is the remainder when i(t) is divided by 28?
19
Let z = -39 - -81. Suppose -4*d - z = 614. Let k = -37 - d. Calculate the remainder when k is divided by 26.
23
Suppose 0*t = -t + 5*t. Suppose -5*r = -2*s + 42, t = -2*s - 3*s - 2*r + 47. Calculate the remainder when 30 + (-1)/(-1) - 0 is divided by s.
9
Suppose 4*z + 293 = 5*z + 5*x, -3*x - 6 = 0. Suppose -4*y = 12, 11*y - z = -3*q + 16*y. Calculate the remainder when q is divided by 37.
22
Let h(c) = 4*c**2 + 28*c - 25. Let s be h(-10). Suppose -188*d = -183*d - s. Calculate the remainder when 302 is divided by d.
17
Let g(x) = -x**3 + 6*x**2 - 6*x + 2. Let a be g(4). Let c(d) = d**3 - 10*d**2 + 28*d - 41. Calculate the remainder when c(a) is divided by 81.
77
Calculate the remainder when 93 is divided by 54/(-1431) - 16705/(-265).
30
Suppose -1847 = -11*c - 604. What is the remainder when c is divided by 110?
3
Let m(l) = 2*l**2 - 37*l - 544. What is the remainder when m(-11) is divided by 37?
31
Let u be -4 + 2 - (21 - 26). Suppose 0 = -u*i - j - 3 + 95, -2*i + j + 68 = 0. What is the remainder when i is divided by 12?
8
Let p(f) = -2*f**3 + 2*f**2 - 4*f - 19. Let t be p(5). Let g = 380 + t. Let h = 21 - 3. What is the remainder when g is divided by h?
15
Suppose -3*m + f = -6*m + 1321, 0 = -4*f - 8. Suppose -5*v - 2*i = -m, -350 = -48*v + 44*v - 3*i. What is the remainder when v is divided by 25?
14
Let z = 915 - 834. What is the remainder when 425 is divided by z?
20
Suppose -n + 124 = f, -3*f - 7*n + 372 = -3*n. Let b = 2350 + -2318. Calculate the remainder when f is divided by b.
28
Let k(y) = y**2 + 9*y + 10. Let p be k(-7). Let h be -7 - p - 2*-1 - 1. Calculate the remainder when h/(3 + -1*164/52) is divided by 8.
5
Let y(w) = 34*w - 64. Suppose 3*f = v + 4, 2*f - 8 = 3*v - 5*v. Suppose 3*z = -p + 41, -p - 6 = -4*z + 51. What is the remainder when z is divided by y(v)?
2
Let u(w) = -21*w**3 - 34*w**2 + 26*w + 152. Calculate the remainder when u(-5) is divided by 598.
3
Suppose s + 4*o = 424 - 289, 135 = s - o. What is the remainder when 557 is divided by s?
17
Let t = 7 + -1. Suppose 5*k - 1 = 7*k + 3*p, 2*p + t = 0. Suppose -2*u - 10 = 0, -2*u + k = 3*o - 7. What is the remainder when o is divided by 4?
3
Suppose -3*y = -3 + 18, 4*b = -5*y - 381. Let f = b - -139. Let c = 571 - 553. Calculate the remainder when f is divided by c.
14
Let s = 2 - 2. Suppose s = -5*q + r + 73, 45 = -2*q + 5*q - r. Let l = 16637 - 16633. Calculate the remainder when q is divided by l.
2
Let p(o) = o**3 - 16*o**2 + 20*o - 30. Suppose 260 + 210 = 5*d. Calculate the remainder when d is divided by p(15).
4
Let y(g) = 4*g**2 - 5*g - 3. Suppose -4*t + 3*i = -1058, t + i = 3*i + 262. Suppose -267*s = -t*s - 80. What is the remainder when s is divided by y(4)?
39
Suppose 88800 = 28*l - 12*l. Calculate the remainder when 142 is divided by ((-2)/(-3))/(50/l).
68
Suppose 0*j - 60 = -3*j. Let k(n) = 3*n**3 - 2*n**2 - 2*n. What is the remainder when k(3) is divided by j?
17
Suppose 6*n - 12*n + 90 = 0. Let k be 91 + (-48)/28 + (-6)/21. Calculate the remainder when (k - 1)*4/8 is divided by n.
14
Let b = 3 + 2. Suppose 3*y - 4*q = -16, -q + 1 = b*y - 3. Suppose -5*k + 30 + 0 = y. What is the remainder when 16 is divided by k?
4
Suppose -2*r = -q - 6, 0*q + 3 = 3*q + r. Suppose -342 + 102 = -4*z - l, q = -2*z - l + 122. What is the remainder when z is divided by 13?
7
Let h be (-4)/(-3) + (-4)/(-6). Let d be 12/(-3) - 8*(-28)/h. Suppose -o + d = 3*m, 2*m - 3*o - 25 - 47 = 0. What is the remainder when 141 is divided by m?
33
Suppose 0 = 17*z - 925 + 296. Calculate the remainder when 1141 is divided by z.
31
Let p(w) = -w**2 + 2*w + 16. Let h be p(6). Suppose -5*x + 2*r + 147 = -2*r, -5*x - 5*r = -120. Calculate the remainder when (h/6)/2 - 322/(-6) is divided by x.
26
What is the remainder when 4500 is divided by 1/(45492/(-2844) + 16)?
234
Let z = 493 - 467. Let g = 43 + z. Calculate the remainder when 481 is divided by g.
67
Suppose -12 = 2*r + 3*l, -r - 18 = 2*r + l. Let t be ((-990)/(-77))/(r/(-28)). Suppose t*x - 64*x = -92. Calculate the remainder when x is divided by 8.
7
Let o(x) be the third derivative of -x**6/120 + x**5/12 - x**4/6 + 11*x**3/6 - 5*x**2 + 9. Calculate the remainder when 118 is divided by o(3).
16
Suppose 6*t - 90 - 78 = 0. Suppose 0 = 30*k - 34*k + 96. Suppose 7*i + k = 5*x + 3*i, 0 = -3*x + 2*i + 16. What is the remainder when t is divided by x?
4
Suppose 0 = 5*c - 2*s - 3*s + 10, 0 = -4*s + 12. Calculate the remainder when 22 is divided by c.
0
Calculate the remainder when 2035/(-74)*((-5 - -3) + -34) is divided by 170.
140
Let g(u) = -54*u - 262. Let j be g(-10). What is the remainder when j*(-1 + (-18)/(-6))/4 is divided by 51?
37
Let q = -36837 + 36843. Let o(p) be the second derivative of p**4/12 + p**3/6 + p**2/2 + p. What is the remainder when o(-5) is divided by q?
3
Let x(r) = 10*r**2 - 248*r + 1767. Calculate the remainder when x(7) is divided by 52.
1
Let k = -64 + 65. Let b be (-1)/6 + (1985/30 - k). Let j = b - 44. What is the remainder when 71 is divided by j?
8
Let j(t) = -t**2 + 10*t - 34. Let h be j(5). What is the remainder when 198 is divided by ((-10)/(-4))/(h/(-18))?
3
Let s be (-9)/(-1)*4/(-3 + 15). Suppose -s*w = 10 - 4. Calculate the remainder when 0 + 124/16 - w/8 is divided by 4.
0
Suppose 4885 - 5899 = -26*z. Calculate the remainder when (-120)/(-2) - (0 - -2) is divided by z.
19
Let u(s) = 3 - 1 - 361*s + 358*s. Let v be u(-3). Suppose -4*d + v + 29 = 0. Calculate the remainder when 17 is divided by d.
7
Suppose 2*n - 4*x - 2149 = 313, 4914 = 4*n - 3*x. What is the remainder when n is divided by 254?
211
Let w(c) = -18*c + 367. Calculate the remainder when 675 is divided by w(6).
157
Let l(b) = b**3 + 85*b**2 - 180*b - 288. Calculate the remainder when 462 is divided by l(-87).
228
Let d = 103 - 56. Calculate the remainder when d is divided by (-3)/29 + (-22660)/(-3190).
5
Let j = -10 + 16. Suppose -22247 = -36*s - 21707. Calculate the remainder when s is divided by j.
3
Suppose 5*p = -3*d + 167 + 34, -d + 60 = 4*p. Calculate the remainder when d is divided by 18.
0
Let j(s) = s + 2. Let i be j(1). Suppose 3*b + 5964 = 7*b. What is the remainder when -2 + b/14*2/i is divided by 18?
15
Let t(o) = -2*o**2 - 30*o - 96. Calculate the remainder when 188 is divided by t(-7).
12
Suppose -3473 = -193*j + 170*j. Calculate the remainder when 1499 is divided by j.
140
Let l(p) = p**3 + 10*p**2 + 37*p + 33. Let i be l(-11). Let h = 519 + i. Calculate the remainder when 152 is divided by h.
8
Let h(g) = -g**3 - 43*g**2 + 237*g - 46. Calculate the 